Let r(l) = -7*c(l) + 6*x(l). What is the units digit of r(d)?
1
Let u(a) = a + 1. Let s be u(-1). Suppose -2*n = 2*q + 4, -3*n + 4 - 16 = 0. Suppose -q*j + 7*j - 120 = s. What is the tens digit of j?
2
Let m(f) be the third derivative of -f**6/60 - f**5/20 - f**4/24 + 5*f**3/6 + f**2. What is the tens digit of m(-3)?
3
Let p(q) = 22*q**2 + 4*q - 6. Let z be p(2). Let y = z - 56. What is the units digit of y?
4
Suppose 0 = 2*w - 5*v - 78, -3*w + 0*w + 140 = 4*v. Suppose 82 = 46*j - w*j. What is the units digit of j?
1
Suppose 38 = 2*x - 2*z, 3*z - 28 = -2*x + 35. Suppose -s = 4*b + x, 0*s + 3*s = 0. Let j = 18 + b. What is the tens digit of j?
1
Let y(q) = -q**3 + 16*q**2 - 14*q - 24. Let c be y(15). What is the units digit of 234*(3 + 33/c)*-1?
6
Let u = -30 - -137. What is the hundreds digit of u?
1
Let x(r) = -r**2 - 18*r - 20. Let j = 33 - 48. Let t be x(j). Suppose -3*q + t = -59. What is the units digit of q?
8
Suppose 2 = 13*u - 11*u. What is the units digit of (13 - -6)*u/(2/10)?
5
Let x(g) = -2*g - 4 - 5*g + 0 + 5*g**2 + g**3. Suppose 5*w + 4*q + 25 = 5*q, -3*w = -2*q + 15. What is the units digit of x(w)?
1
Suppose 14*i - 4*a + 1970 = 15*i, 5890 = 3*i + 2*a. What is the units digit of i?
2
Let i be ((-4 - 0) + 4)/(-2). Suppose m = 4*o + 36, o = -2*m - i*o + 36. What is the tens digit of 28/(-5)*m/(-4)?
2
Let r = 3 + 10. Suppose 2*c + 2*u = 2, -r = 2*c - 7*c - u. Suppose -2*m + c = 2*k - 45, 2*m + 47 = 3*k. What is the tens digit of k?
1
Suppose 6*i = -2 + 20. Suppose -3*c - 48 = i*k - 6*k, 3*k - 5*c = 58. What is the tens digit of k?
1
Suppose v - 8*v + 259 = 0. What is the units digit of v?
7
Let t(n) = -100*n + 22. Let q be t(-7). Let f = q + -488. What is the units digit of f?
4
Suppose -2*r = -11*r - 2898. Let w = r + 585. What is the hundreds digit of w?
2
Let p(x) = 6*x + 2*x**3 - 17 - 3*x**3 + 15*x**2 - 5*x. Let j be p(15). What is the units digit of (j - -1) + 45 + 2?
6
Suppose -5*m - 34 = 3*o + 515, -709 = 4*o - m. Let r = 104 - o. What is the hundreds digit of r?
2
Suppose 0*j = -4*j - 524. Let b = j - -73. Let t = 101 + b. What is the tens digit of t?
4
Let c(r) = 131*r - 3. What is the units digit of c(5)?
2
Let v(n) be the third derivative of 11*n**6/40 - n**5/30 + n**4/12 - n**3/6 + 4*n**2. Let a be v(1). Let r = a - 4. What is the tens digit of r?
2
Suppose -5*j + 81 = -v - 282, 284 = 4*j - 4*v. Let i(x) = 3*x**2 + x - 3. Let y be i(4). Let u = j - y. What is the tens digit of u?
2
Suppose -638 + 4992 = 14*f. What is the hundreds digit of f?
3
Let h be 24/3*36/8. Let f = h - -7. What is the tens digit of f?
4
Suppose 398 = -55*z + 57*z. Let f = z + -17. What is the tens digit of f?
8
Suppose s + n = -4*s + 1330, 5*s = 2*n + 1330. Suppose 5*g = c - 143, 4*c - 2*c - 5*g = s. What is the units digit of c?
3
Let i be -2 + (1 - 0) + 13. Suppose -2*w = -5*w + 6, 0 = 5*d + w - 4527. What is the units digit of d/30 - 2/i?
0
Let q(i) = 22*i + 22. Let r be q(21). Suppose 0 = -n + 2 - 1, -5*h + r = -n. What is the tens digit of h?
9
What is the units digit of 3*331 - 2*36/(-24)?
6
Suppose 0 = 3*i + 2*i - 490. Suppose 2*k + i = 4*k. Let b = k + 0. What is the units digit of b?
9
Suppose -2*h + 4*u + 18 = 0, 3*h - 2 = 2*u + 21. Suppose -5*g = -18 - h. Let b = -3 + g. What is the units digit of b?
2
Let k = -725 - -1923. What is the units digit of k?
8
Let w(a) = -a**3 + 20*a**2 - 20*a + 20. Let b be w(19). Let o = 27 + b. What is the units digit of o?
8
Let d be 1970/25 - 3/(-15). Suppose t - 25 = -i, -3*t - 4*i - i = -d. Suppose 3*w - 4*w + t = 0. What is the tens digit of w?
2
Let l(p) = p**3 - p**2 + p + 1. Let s(j) = -45*j + 46*j + 2 + 4. Let a be s(-4). What is the units digit of l(a)?
7
Suppose -2889 - 1965 = -6*y. What is the tens digit of y?
0
Let b = -7 - -1. Let v = b - -9. Suppose 0 = -2*q + v*q + c - 19, 2*q - 3*c - 58 = 0. What is the tens digit of q?
2
Suppose -m = -0*m + 2*u - 353, 2*u - 1412 = -4*m. What is the hundreds digit of m?
3
What is the units digit of ((-22)/(-6))/(-4 - 150/(-36))?
2
Suppose -4*j = -13*j - 3150. What is the units digit of j/(-6) + 4 - 4/(-6)?
3
What is the units digit of 2/8 + 5349/12*5?
9
Let a = -17 - -3. Let x be a*7/((-28)/48). Suppose 4*w + 5*m - 186 = -0*w, -4*w + x = -4*m. What is the tens digit of w?
4
Let k be ((-24)/(-20))/(-3)*-10. Let i be -1 + -7 + k - -24. Suppose 0 = j - i - 23. What is the units digit of j?
3
Suppose -4*y = -2 - 2. What is the units digit of 38/(-57)*(y - 160)?
6
Suppose 42 = -5*j + 632. What is the units digit of 1*(j - (-4)/(-4))?
7
Suppose -8*m + 4*m + 8 = 0. Let d(v) = 2*v**3 + 8 - 2*v - 5*v**m - v - 3*v**3 - 3. What is the units digit of d(-4)?
1
Let j(b) = -b - 12. Suppose -12 - 12 = 3*h - 4*x, 2*h + 16 = 3*x. Let k be j(h). What is the units digit of -66*(k/(-3))/(-2)?
4
Suppose 0*o = -4*o + 2*o. Suppose q + 4*q = 2*i - 28, -4*i + 3*q + 70 = o. What is the tens digit of i?
1
Let l = 2117 + -1200. What is the hundreds digit of l?
9
Let t be 1*(9*6)/(-3). Let h(d) = d**2 + 18*d + 26. What is the units digit of h(t)?
6
Suppose 194*m = 218*m - 62760. What is the hundreds digit of m?
6
Let j(v) = -v**2 + 5*v + 17. Let b be j(7). What is the units digit of 165/b + 2 + 0?
7
What is the tens digit of (-2)/5*(7/1 - 3867)?
4
Let k(g) = 7*g**2 - 2*g + 3. Let u(y) = -y**3 + 3*y**2 - 3. Let h be u(3). Let w be k(h). Suppose 4*o - p - 27 = 69, 3*o - 5*p = w. What is the tens digit of o?
2
Let y be 2/6 + (-164)/6. Let q = 54 + y. What is the units digit of q?
7
Let s(a) = -14*a - 68. Let r be s(-5). Suppose -2220 = -8*n - r*n. What is the hundreds digit of n?
2
Let c = -45 - -50. Suppose -2*y - 3*y - 2*j + 339 = 0, -360 = -5*y + c*j. What is the units digit of y?
9
Let d(b) = b**3 - 11*b**2 - b + 12. Let z be d(11). Let g be (z/3)/(3/405). Let r = 87 - g. What is the tens digit of r?
4
Let a(l) = -l**3 + 4*l**2 + 4*l + 12. Let q be a(5). Let f = -7 + q. Suppose z + 0*y - y - 39 = f, -5 = -y. What is the tens digit of z?
4
Let d(i) be the third derivative of -7*i**4/24 - 8*i**3/3 - 4*i**2. What is the tens digit of d(-12)?
6
Suppose 2*b - 5 - 3 = 0. What is the units digit of (8/(-6))/(b/(-6))?
2
What is the units digit of (-3)/12 - (-2297)/4?
4
Suppose -3*s + 22*s - 589 = 0. What is the tens digit of s?
3
Let d = -33 - -35. Suppose 0 = -5*w + 3*w - d. Let k(r) = -14*r**3 + r**2 + 2*r + 2. What is the tens digit of k(w)?
1
Suppose 0 = 52*z - 11*z - 100901. What is the units digit of z?
1
Suppose -7 = r - 2*r. Let u(q) = q**3 - 6*q**2 - 7*q + 8. Let j be u(r). Let b = j - 4. What is the units digit of b?
4
Let u = -1528 + 2179. What is the tens digit of u?
5
Suppose 2*m + 0*m + 62 = 0. Let d = m + 29. What is the tens digit of 680/18 + d/(-9)?
3
Let h be 38/57 + ((-20)/(-6) - -2). Suppose 2*x - h*l - 240 = -4*l, 4*x - 456 = -2*l. What is the units digit of x?
6
Let n(m) = m**3 - 5*m**2 - 8*m + 6. What is the tens digit of n(8)?
3
Let z(j) be the first derivative of j**4/4 + 19*j**3/3 - 25*j**2/2 - 18*j + 10. What is the tens digit of z(-20)?
8
Let l(m) = m**3 + 9*m**2 - 7*m + 33. Let n be l(-10). Suppose n*a = a + 48. What is the units digit of a?
4
Let t(i) be the second derivative of 27*i**3/2 + i**2 - 18*i. What is the tens digit of t(1)?
8
Let s = -1039 - -3111. What is the thousands digit of s?
2
What is the units digit of (88/(-10))/(20/(-2150))?
6
Let w = -341 - -637. What is the tens digit of w?
9
Let g = -17 - -94. Suppose 2*c - g = -0*c - y, 3*y = 3. What is the units digit of c?
8
Let j = 1901 - 1383. What is the hundreds digit of j?
5
Let n = 112 - 38. Let r(i) = 7*i + 8. Let a be r(-7). Let y = a + n. What is the units digit of y?
3
Let w = 376 - 259. Let h = w + -79. What is the units digit of h?
8
Suppose 3*l - h - 21 = -4*h, 0 = 5*l - 2*h. Let d be 11 + (-35)/7 + 0. What is the units digit of (-6)/d - l*-10?
9
Let s = 31 - 25. Let n = 30 + s. What is the units digit of n?
6
Let f be (-1)/(9/3 + -4). Let y(s) = 1 + f - s + 2. What is the units digit of y(-5)?
9
Let h(p) = p**3 - 9*p**2 - 27*p - 12. What is the units digit of h(12)?
6
Let g(c) = c**2 - 6*c - 98. What is the hundreds digit of g(-20)?
4
Suppose 5*n + 8 = n, -n + 6 = -4*b. What is the units digit of (-25)/2*(-6)/(-3)*b?
0
Suppose a = 6*a. Suppose 2*h + 49 = 5*o, -4*o + 48 = -o + 5*h. Le